{"id":239,"date":"2023-11-27T09:40:07","date_gmt":"2023-11-27T09:40:07","guid":{"rendered":"https:\/\/www.leshappyvintage.fr\/magazine\/?page_id=239"},"modified":"2023-11-27T09:40:09","modified_gmt":"2023-11-27T09:40:09","slug":"conditions-generales-dutilisation-et-de-diffusion-du-site-leshappyvintage-fr","status":"publish","type":"page","link":"https:\/\/www.leshappyvintage.fr\/magazine\/conditions-generales-dutilisation-et-de-diffusion-du-site-leshappyvintage-fr\/","title":{"rendered":"CONDITIONS G\u00c9N\u00c9RALES D\u2019UTILISATION ET DE DIFFUSION DU SITE leshappyvintage.fr"},"content":{"rendered":"\n<h4 class=\"wp-block-heading\">Informations l\u00e9gales<\/h4>\n\n\n\n<p><strong>Editeur :<\/strong><br>Le site www.leshappyvintage.fr est \u00e9dit\u00e9 par TOP ASSETS SRL\u00a0au capital de 50 000 euros<br>TVA BE 0678.995.347<br>Adresse du si\u00e8ge social : rue du planois. 7090 Braine-le-comte.<br>Contact : Vincent Vandegans, 485749818, vincent@casanaute.com<\/p>\n\n\n\n<p><strong>H\u00e9bergement : Ionos<\/strong><\/p>\n\n\n\n<p>Adresse du si\u00e8ge social : 7 Place de la Gare, 57200 Sarreguemines, France<\/p>\n\n\n\n<h2 class=\"wp-block-heading\">Conditions g\u00e9n\u00e9rales d\u2019utilisation<\/h2>\n\n\n\n<h4 class=\"wp-block-heading\">1. Description<\/h4>\n\n\n\n<p>Le site leshappyvintage.fr permet de lire des articles de blog.<\/p>\n\n\n\n<h4 class=\"wp-block-heading\">2. Acceptation des conditions d\u2019utilisation<\/h4>\n\n\n\n<p>L\u2019acc\u00e8s au site, sa consultation et son utilisation emporte l\u2019acceptation des conditions g\u00e9n\u00e9rales d\u2019utilisation de leshappyvintage.fr , dans le cas contraire, l\u2019utilisateur doit s\u2019abstenir d\u2019utiliser ce site.<\/p>\n\n\n\n<h4 class=\"wp-block-heading\">3. Obligations<\/h4>\n\n\n\n<p>L\u2019utilisateur s\u2019engage \u00e0 ne pas intervenir sur le site \u00e0 l\u2019aide de logiciels permettant d\u2019extraire ou reproduire les \u00e9l\u00e9ments du site ou la base de donn\u00e9es du site.<br>Il s\u2019engage \u00e0 respecter le code de la propri\u00e9t\u00e9 intellectuelle.<\/p>\n\n\n\n<h4 class=\"wp-block-heading\">4. Contenu illicite<\/h4>\n\n\n\n<p>Dans le cas de contenu illicite, l\u2019utilisateur contactera la soci\u00e9t\u00e9 Top Assets SRL&nbsp;en expliquant les raisons du probl\u00e8me.<br>Top Assets retirera les contenus illicites. Le fait de pr\u00e9senter un contenu illicite peut engager la responsabilit\u00e9 p\u00e9nale de l\u2019utilisateur.<\/p>\n\n\n\n<h4 class=\"wp-block-heading\">5. Responsabilit\u00e9<\/h4>\n\n\n\n<p>La soci\u00e9t\u00e9 Top Assets ne peut \u00eatre tenu pour responsable pour la diffusion de photos ou de texte dans la mesure o\u00f9 l\u2019utilisateur affirme avoir les droits de diffusion.<br>La soci\u00e9t\u00e9 Top Assets ne peut \u00eatre tenu pour responsable pour toute information erron\u00e9e propos\u00e9e par un utilisateur du site.<\/p>\n\n\n\n<h4 class=\"wp-block-heading\">6. Propri\u00e9t\u00e9 intellectuelle<\/h4>\n\n\n\n<p>Les \u00e9l\u00e9ments du site (graphiques et donn\u00e9es) sont la propri\u00e9t\u00e9 de Top Assets.<br>Toute reproduction, repr\u00e9sentation totale ou partielle d\u2019un \u00e9l\u00e9ment composant le site, constitue une contrefa\u00e7on et sera sanctionn\u00e9e \u00e0 ce titre.<\/p>\n\n\n\n<h4 class=\"wp-block-heading\">7. Cookies<\/h4>\n\n\n\n<p>Le site\u00a0leshappyvintage.fr fait appel \u00e0 des r\u00e9gies de publicit\u00e9 tierces, telles que Google AdSense, pour assurer la diffusion d\u2019annonces sur son m\u00e9dia. Ces entreprises peuvent utiliser les donn\u00e9es relatives \u00e0 votre navigation sur le site Web ou d\u2019autres sites (\u00e0 l\u2019exception de votre nom, adresse postale, adresse e-mail ou num\u00e9ro de t\u00e9l\u00e9phone) afin de vous proposer des annonces de produits ou services adapt\u00e9es \u00e0 vos centres d\u2019int\u00e9r\u00eat. Pour en savoir plus sur cette pratique ou sur la possibilit\u00e9 d\u2019interdire l\u2019utilisation de ces donn\u00e9es par ces entreprises,\u00a0<a href=\"http:\/\/www.google.com\/policies\/technologies\/ads\/\" target=\"_blank\" rel=\"noreferrer noopener\">cliquez ici<\/a>.<\/p>\n\n\n\n<p><strong>leshappyvintage<\/strong>.fr participe et est conforme \u00e0 l\u2019ensemble des Sp\u00e9cifications et Politiques du Transparency &amp; Consent Framework de l\u2019IAB Europe. Il\u00a0utilise la Consent Management Platform n\u00b092.<\/p>\n\n\n\n<p>Vous pouvez modifier vos choix \u00e0 tout moment en&nbsp;<a href=\"javascript:Sddan.cmp.displayUI()\">cliquant ici<\/a>.<\/p>\n\n\n\n<h3 class=\"wp-block-heading\">CONDITIONS G\u00c9N\u00c9RALES DE DIFFUSION<\/h3>\n\n\n\n<h4 class=\"wp-block-heading\">1. Acceptation des conditions g\u00e9n\u00e9rales de diffusion<\/h4>\n\n\n\n<p>La diffusion d\u2019une petite annonce diffus\u00e9e sur le site internet leshappyvintage.fr \u00e9dit\u00e9 par la soci\u00e9t\u00e9 TOP ASSETS SRL, implique pour l\u2019annonceur, l\u2019acceptation sans r\u00e9serve des conditions g\u00e9n\u00e9rales de d\u2019utilisation et des conditions g\u00e9n\u00e9rales de diffusion.<\/p>\n\n\n\n<h4 class=\"wp-block-heading\">2. Diffusion<\/h4>\n\n\n\n<p>L\u2019annonceur reconna\u00eet \u00eatre l\u2019auteur unique et exclusif du texte de l\u2019annonce, il d\u00e9clare disposer de tous les droits et autorisations n\u00e9cessaires \u00e0 la parution de l\u2019annonce. L\u2019annonceur assume l\u2019enti\u00e8re responsabilit\u00e9 de la diffusion de son annonce.<\/p>\n","protected":false},"excerpt":{"rendered":"<p>Informations l\u00e9gales Editeur :Le site www.leshappyvintage.fr est \u00e9dit\u00e9 par TOP ASSETS SRL\u00a0au capital de 50 000 eurosTVA BE 0678.995.347Adresse du si\u00e8ge social : rue du planois. 7090 Braine-le-comte.Contact : Vincent&#8230;.<\/p>\n","protected":false},"author":1,"featured_media":0,"parent":0,"menu_order":0,"comment_status":"closed","ping_status":"closed","template":"","meta":{"footnotes":""},"class_list":["post-239","page","type-page","status-publish","hentry"],"_links":{"self":[{"href":"https:\/\/www.leshappyvintage.fr\/magazine\/wp-json\/wp\/v2\/pages\/239","targetHints":{"allow":["GET"]}}],"collection":[{"href":"https:\/\/www.leshappyvintage.fr\/magazine\/wp-json\/wp\/v2\/pages"}],"about":[{"href":"https:\/\/www.leshappyvintage.fr\/magazine\/wp-json\/wp\/v2\/types\/page"}],"author":[{"embeddable":true,"href":"https:\/\/www.leshappyvintage.fr\/magazine\/wp-json\/wp\/v2\/users\/1"}],"replies":[{"embeddable":true,"href":"https:\/\/www.leshappyvintage.fr\/magazine\/wp-json\/wp\/v2\/comments?post=239"}],"version-history":[{"count":1,"href":"https:\/\/www.leshappyvintage.fr\/magazine\/wp-json\/wp\/v2\/pages\/239\/revisions"}],"predecessor-version":[{"id":240,"href":"https:\/\/www.leshappyvintage.fr\/magazine\/wp-json\/wp\/v2\/pages\/239\/revisions\/240"}],"wp:attachment":[{"href":"https:\/\/www.leshappyvintage.fr\/magazine\/wp-json\/wp\/v2\/media?parent=239"}],"curies":[{"name":"wp","href":"https:\/\/api.w.org\/{rel}","templated":true}]}}